{"id":37,"date":"2023-01-20T09:09:20","date_gmt":"2023-01-20T08:09:20","guid":{"rendered":"https:\/\/pascalpierree.com\/?page_id=37"},"modified":"2024-11-24T06:59:39","modified_gmt":"2024-11-24T05:59:39","slug":"mes-soins","status":"publish","type":"page","link":"https:\/\/pascalpierree.com\/index.php\/mes-soins\/","title":{"rendered":"Mes soins"},"content":{"rendered":"\n<div class=\"wp-block-group is-vertical is-layout-flex wp-container-core-group-is-layout-8cf370e7 wp-block-group-is-layout-flex\">\n<p class=\"has-text-align-justify\">Les soins peuvent \u00eatre effectu\u00e9s, soit :<br>En pr\u00e9sentiel, la s\u00e9ance dure entre 1h et 1h30 ; la s\u00e9ance comprend une partie o\u00f9 l\u2019on fait l&rsquo;anamn\u00e8se de ce qui vous am\u00e8ne, et la partie \u00e9nerg\u00e9tique d\u2019environ 40 min (selon besoin).<\/p>\n\n\n\n<p class=\"has-text-align-justify\">A distance, s\u00e9ance d\u2019environ 1h avec anamn\u00e8se et partie \u00e9nerg\u00e9tique. Pour la s\u00e9ance \u00e0 distance, il faut une photo r\u00e9cente (imp\u00e9ratif) les noms et pr\u00e9noms de la personne (s&rsquo; il s\u2019agit d\u2019un enfant mineur).<br>Les photos ne sont pas conserv\u00e9es et seront \u00e0 fournir \u00e0 chaque s\u00e9ance.<\/p>\n\n\n\n<p class=\"has-text-align-center\"><strong>Mon travail s\u2019inscrit dans un cadre compl\u00e9mentaire de la m\u00e9decine, il ne vise pas \u00e0 la remplacer, mais \u00e0 l\u2019accompagner. Il est de ce fait important de suivre les recommandations de votre m\u00e9decin.<\/strong><\/p>\n<\/div>\n\n\n\n<div class=\"wp-block-buttons is-layout-flex wp-block-buttons-is-layout-flex\">\n<div class=\"wp-block-button\"><a class=\"wp-block-button__link wp-element-button\" href=\"https:\/\/pascalpierree.com\/wp-content\/uploads\/2023\/01\/tarifs-soins-2023.pdf\" target=\"_blank\" rel=\"noreferrer noopener\">Voir les tarifs<\/a><\/div>\n<\/div>\n\n\n\n<p class=\"has-text-align-justify\">Pour vos prises de rendez-vous, merci d&rsquo;utiliser le formulaire ci-dessous, en indiquant votre date et cr\u00e9neau horaire souhait\u00e9s.<br>Je vous r\u00e9pondrai dans les plus brefs d\u00e9lais et vous confirmerai votre rendez-vous, par mail ou par t\u00e9l\u00e9phone.<br>Pour les s\u00e9ances \u00e0 distance, merci de joindre une photo r\u00e9cente type selfie.<\/p>\n\n\n<style id=\"wpforms-css-vars-root\">\n\t\t\t\t:root {\n\t\t\t\t\t--wpforms-field-border-radius: 3px;\n--wpforms-field-border-style: solid;\n--wpforms-field-border-size: 1px;\n--wpforms-field-background-color: #ffffff;\n--wpforms-field-border-color: rgba( 0, 0, 0, 0.25 );\n--wpforms-field-border-color-spare: rgba( 0, 0, 0, 0.25 );\n--wpforms-field-text-color: rgba( 0, 0, 0, 0.7 );\n--wpforms-field-menu-color: #ffffff;\n--wpforms-label-color: rgba( 0, 0, 0, 0.85 );\n--wpforms-label-sublabel-color: rgba( 0, 0, 0, 0.55 );\n--wpforms-label-error-color: #d63637;\n--wpforms-button-border-radius: 3px;\n--wpforms-button-border-style: none;\n--wpforms-button-border-size: 1px;\n--wpforms-button-background-color: #066aab;\n--wpforms-button-border-color: #066aab;\n--wpforms-button-text-color: #ffffff;\n--wpforms-page-break-color: #066aab;\n--wpforms-background-image: none;\n--wpforms-background-position: center center;\n--wpforms-background-repeat: no-repeat;\n--wpforms-background-size: cover;\n--wpforms-background-width: 100px;\n--wpforms-background-height: 100px;\n--wpforms-background-color: rgba( 0, 0, 0, 0 );\n--wpforms-background-url: none;\n--wpforms-container-padding: 0px;\n--wpforms-container-border-style: none;\n--wpforms-container-border-width: 1px;\n--wpforms-container-border-color: #000000;\n--wpforms-container-border-radius: 3px;\n--wpforms-field-size-input-height: 43px;\n--wpforms-field-size-input-spacing: 15px;\n--wpforms-field-size-font-size: 16px;\n--wpforms-field-size-line-height: 19px;\n--wpforms-field-size-padding-h: 14px;\n--wpforms-field-size-checkbox-size: 16px;\n--wpforms-field-size-sublabel-spacing: 5px;\n--wpforms-field-size-icon-size: 1;\n--wpforms-label-size-font-size: 16px;\n--wpforms-label-size-line-height: 19px;\n--wpforms-label-size-sublabel-font-size: 14px;\n--wpforms-label-size-sublabel-line-height: 17px;\n--wpforms-button-size-font-size: 17px;\n--wpforms-button-size-height: 41px;\n--wpforms-button-size-padding-h: 15px;\n--wpforms-button-size-margin-top: 10px;\n--wpforms-container-shadow-size-box-shadow: none;\n\n\t\t\t\t}\n\t\t\t<\/style><style id=\"wpforms-css-vars-1358-block-3a0ae737-7a0a-4d96-b19a-0a423ff7f6b4\">\n\t\t\t\t#wpforms-1358.wpforms-block-3a0ae737-7a0a-4d96-b19a-0a423ff7f6b4 {\n\t\t\t\t\t--wpforms-button-background-color: #0cc581;\n--wpforms-field-size-input-height: 43px;\n--wpforms-field-size-input-spacing: 15px;\n--wpforms-field-size-font-size: 16px;\n--wpforms-field-size-line-height: 19px;\n--wpforms-field-size-padding-h: 14px;\n--wpforms-field-size-checkbox-size: 16px;\n--wpforms-field-size-sublabel-spacing: 5px;\n--wpforms-field-size-icon-size: 1;\n--wpforms-label-size-font-size: 16px;\n--wpforms-label-size-line-height: 19px;\n--wpforms-label-size-sublabel-font-size: 14px;\n--wpforms-label-size-sublabel-line-height: 17px;\n--wpforms-button-size-font-size: 17px;\n--wpforms-button-size-height: 41px;\n--wpforms-button-size-padding-h: 15px;\n--wpforms-button-size-margin-top: 10px;\n--wpforms-container-shadow-size-box-shadow: none;\n\n\t\t\t\t}\n\t\t\t<\/style><div class=\"wpforms-container wpforms-container-full wpforms-block wpforms-block-3a0ae737-7a0a-4d96-b19a-0a423ff7f6b4 wpforms-render-modern\" id=\"wpforms-1358\"><form id=\"wpforms-form-1358\" class=\"wpforms-validate wpforms-form wpforms-ajax-form\" data-formid=\"1358\" method=\"post\" enctype=\"multipart\/form-data\" action=\"\/index.php\/wp-json\/wp\/v2\/pages\/37\" data-token=\"d23a3333338db5ac87107caa3877b0f8\" data-token-time=\"1776428002\"><noscript class=\"wpforms-error-noscript\">Veuillez activer JavaScript dans votre navigateur pour remplir ce formulaire.<\/noscript><div class=\"wpforms-hidden\" id=\"wpforms-error-noscript\">Veuillez activer JavaScript dans votre navigateur pour remplir ce formulaire.<\/div><div class=\"wpforms-field-container\"><div id=\"wpforms-1358-field_1-container\" class=\"wpforms-field wpforms-field-name\" data-field-id=\"1\"><label class=\"wpforms-field-label\" for=\"wpforms-1358-field_1\">Nom (obligatoire) <span class=\"wpforms-required-label\" aria-hidden=\"true\">*<\/span><\/label><input type=\"text\" id=\"wpforms-1358-field_1\" class=\"wpforms-field-medium wpforms-field-required\" name=\"wpforms[fields][1]\" aria-errormessage=\"wpforms-1358-field_1-error\" required><\/div><div id=\"wpforms-1358-field_2-container\" class=\"wpforms-field wpforms-field-email\" data-field-id=\"2\"><label class=\"wpforms-field-label\" for=\"wpforms-1358-field_2\">E-mail (obligatoire) <span class=\"wpforms-required-label\" aria-hidden=\"true\">*<\/span><\/label><input type=\"email\" id=\"wpforms-1358-field_2\" class=\"wpforms-field-medium wpforms-field-required\" name=\"wpforms[fields][2]\" spellcheck=\"false\" aria-errormessage=\"wpforms-1358-field_2-error\" required><\/div><div id=\"wpforms-1358-field_3-container\" class=\"wpforms-field wpforms-field-text\" data-field-id=\"3\"><label class=\"wpforms-field-label\" for=\"wpforms-1358-field_3\">T\u00e9l\u00e9phone (obligatoire) <span class=\"wpforms-required-label\" aria-hidden=\"true\">*<\/span><\/label><input type=\"text\" id=\"wpforms-1358-field_3\" class=\"wpforms-field-medium wpforms-field-required\" name=\"wpforms[fields][3]\" aria-errormessage=\"wpforms-1358-field_3-error\" required><\/div><div id=\"wpforms-1358-field_8-container\" class=\"wpforms-field wpforms-field-date-time\" data-field-id=\"8\"><label class=\"wpforms-field-label\" for=\"wpforms-1358-field_8\">Date souhait\u00e9e<\/label><div class=\"wpforms-datepicker-wrap\"><input type=\"text\" id=\"wpforms-1358-field_8\" class=\"wpforms-field-date-time-date wpforms-datepicker wpforms-field-medium\" data-date-format=\"d\/m\/Y\" data-limit-days=\"tue,wed,thu,fri\" data-disable-past-dates=\"1\" data-disable-todays-date=\"1\" data-input=\"true\" name=\"wpforms[fields][8][date]\" aria-errormessage=\"wpforms-1358-field_8-error\" aria-describedby=\"wpforms-1358-field_8-description\" ><a title=\"Effacer la date\" data-clear class=\"wpforms-datepicker-clear\" style=\"display:none;\"><\/a><\/div><div id=\"wpforms-1358-field_8-description\" class=\"wpforms-field-description\">Rappel : Le rendez-vous sera confirm\u00e9 par t\u00e9l\u00e9phone en fonction des disponibilit\u00e9s<\/div><\/div><div id=\"wpforms-1358-field_4-container\" class=\"wpforms-field wpforms-field-payment-checkbox\" data-field-id=\"4\"><fieldset><legend class=\"wpforms-field-label\">Type de prestation (obligatoire) <span class=\"wpforms-required-label\" aria-hidden=\"true\">*<\/span><\/legend><ul id=\"wpforms-1358-field_4\" class=\"wpforms-field-required\"><li class=\"choice-1\"><input type=\"checkbox\" id=\"wpforms-1358-field_4_1\" class=\"wpforms-payment-price\" data-amount=\"10,00\" name=\"wpforms[fields][4][]\" value=\"1\" aria-errormessage=\"wpforms-1358-field_4_1-error\" required ><label class=\"wpforms-field-label-inline\" for=\"wpforms-1358-field_4_1\">A distance<\/label><\/li><li class=\"choice-2\"><input type=\"checkbox\" id=\"wpforms-1358-field_4_2\" class=\"wpforms-payment-price\" data-amount=\"25,00\" name=\"wpforms[fields][4][]\" value=\"2\" aria-errormessage=\"wpforms-1358-field_4_2-error\" required ><label class=\"wpforms-field-label-inline\" for=\"wpforms-1358-field_4_2\">En pr\u00e9sentiel<\/label><\/li><\/ul><\/fieldset><\/div><div id=\"wpforms-1358-field_5-container\" class=\"wpforms-field wpforms-field-payment-checkbox\" data-field-id=\"5\"><fieldset><legend class=\"wpforms-field-label\">Cr\u00e9neau d\u00e9sir\u00e9 (obligatoire)<\/legend><ul id=\"wpforms-1358-field_5\"><li class=\"choice-1\"><input type=\"checkbox\" id=\"wpforms-1358-field_5_1\" class=\"wpforms-payment-price\" data-amount=\"10,00\" name=\"wpforms[fields][5][]\" value=\"1\" aria-errormessage=\"wpforms-1358-field_5_1-error\"  ><label class=\"wpforms-field-label-inline\" for=\"wpforms-1358-field_5_1\">Le matin<\/label><\/li><li class=\"choice-2\"><input type=\"checkbox\" id=\"wpforms-1358-field_5_2\" class=\"wpforms-payment-price\" data-amount=\"25,00\" name=\"wpforms[fields][5][]\" value=\"2\" aria-errormessage=\"wpforms-1358-field_5_2-error\"  ><label class=\"wpforms-field-label-inline\" for=\"wpforms-1358-field_5_2\">L&rsquo;apr\u00e8s-midi<\/label><\/li><\/ul><\/fieldset><\/div><div id=\"wpforms-1358-field_6-container\" class=\"wpforms-field wpforms-field-text\" data-field-id=\"6\"><label class=\"wpforms-field-label\" for=\"wpforms-1358-field_6\">Commentaires<\/label><input type=\"text\" id=\"wpforms-1358-field_6\" class=\"wpforms-field-medium wpforms-limit-characters-enabled\" data-form-id=\"1358\" data-field-id=\"6\" data-text-limit=\"500\" name=\"wpforms[fields][6]\" aria-errormessage=\"wpforms-1358-field_6-error\" aria-describedby=\"wpforms-1358-field_6-description\" maxlength=\"500\" ><div id=\"wpforms-1358-field_6-description\" class=\"wpforms-field-description\">Si vous le souhaitez, vous pouvez d\u00e9crire bri\u00e8vement le motif de votre demande<\/div><\/div><\/div><!-- .wpforms-field-container --><div class=\"wpforms-recaptcha-container wpforms-is-recaptcha wpforms-is-recaptcha-type-v2\" ><div class=\"g-recaptcha\" data-sitekey=\"6Ld1UogqAAAAAEv-Ngsm_-s20-S_XpXWTDm1NrSc\"><\/div><input type=\"text\" name=\"g-recaptcha-hidden\" class=\"wpforms-recaptcha-hidden\" style=\"position:absolute!important;clip:rect(0,0,0,0)!important;height:1px!important;width:1px!important;border:0!important;overflow:hidden!important;padding:0!important;margin:0!important;\" data-rule-recaptcha=\"1\"><\/div><div class=\"wpforms-submit-container\" ><input type=\"hidden\" name=\"wpforms[id]\" value=\"1358\"><input type=\"hidden\" name=\"page_title\" value=\"\"><input type=\"hidden\" name=\"page_url\" value=\"https:\/\/pascalpierree.com\/index.php\/wp-json\/wp\/v2\/pages\/37\"><button type=\"submit\" name=\"wpforms[submit]\" id=\"wpforms-submit-1358\" class=\"wpforms-submit\" data-alt-text=\"Envoi...\" data-submit-text=\"Prendre un rendez-vous\" aria-live=\"assertive\" value=\"wpforms-submit\">Prendre un rendez-vous<\/button><img loading=\"lazy\" decoding=\"async\" src=\"https:\/\/pascalpierree.com\/wp-content\/plugins\/wpforms\/assets\/images\/submit-spin.svg\" class=\"wpforms-submit-spinner\" style=\"display: none;\" width=\"26\" height=\"26\" alt=\"Chargement en cours\"><\/div><\/form><\/div>  <!-- .wpforms-container -->\n\n\n<div class=\"wp-block-buttons is-content-justification-space-between is-layout-flex wp-container-core-buttons-is-layout-3d213aab wp-block-buttons-is-layout-flex\">\n<div class=\"wp-block-button has-custom-font-size has-inter-font-family\" style=\"font-size:13px\"><a class=\"wp-block-button__link has-background has-text-align-left wp-element-button\" href=\"https:\/\/pascalpierree.com\/index.php\/ma-boutique\/\" style=\"border-radius:0px;background-color:#0cc581\" target=\"_blank\" rel=\"noreferrer noopener\"><strong>R\u00e9gler mon soin en ligne<\/strong><\/a><\/div>\n<\/div>\n\n\n\n<p><\/p>\n","protected":false},"excerpt":{"rendered":"<p>Les soins peuvent \u00eatre effectu\u00e9s, soit :En pr\u00e9sentiel, la s\u00e9ance dure entre 1h et 1h30 ; la s\u00e9ance comprend une partie o\u00f9 l\u2019on fait l&rsquo;anamn\u00e8se de ce qui vous am\u00e8ne, et la partie \u00e9nerg\u00e9tique d\u2019environ 40 min (selon besoin). A distance, s\u00e9ance d\u2019environ 1h avec anamn\u00e8se et partie \u00e9nerg\u00e9tique. Pour la s\u00e9ance \u00e0 distance, il &hellip; <\/p>\n<p class=\"link-more\"><a href=\"https:\/\/pascalpierree.com\/index.php\/mes-soins\/\" class=\"more-link\">Continue reading<span class=\"screen-reader-text\"> \u00ab\u00a0Mes soins\u00a0\u00bb<\/span><\/a><\/p>\n","protected":false},"author":1,"featured_media":0,"parent":0,"menu_order":0,"comment_status":"closed","ping_status":"closed","template":"","meta":{"footnotes":""},"class_list":["post-37","page","type-page","status-publish","hentry"],"jetpack_likes_enabled":true,"_links":{"self":[{"href":"https:\/\/pascalpierree.com\/index.php\/wp-json\/wp\/v2\/pages\/37","targetHints":{"allow":["GET"]}}],"collection":[{"href":"https:\/\/pascalpierree.com\/index.php\/wp-json\/wp\/v2\/pages"}],"about":[{"href":"https:\/\/pascalpierree.com\/index.php\/wp-json\/wp\/v2\/types\/page"}],"author":[{"embeddable":true,"href":"https:\/\/pascalpierree.com\/index.php\/wp-json\/wp\/v2\/users\/1"}],"replies":[{"embeddable":true,"href":"https:\/\/pascalpierree.com\/index.php\/wp-json\/wp\/v2\/comments?post=37"}],"version-history":[{"count":22,"href":"https:\/\/pascalpierree.com\/index.php\/wp-json\/wp\/v2\/pages\/37\/revisions"}],"predecessor-version":[{"id":1371,"href":"https:\/\/pascalpierree.com\/index.php\/wp-json\/wp\/v2\/pages\/37\/revisions\/1371"}],"wp:attachment":[{"href":"https:\/\/pascalpierree.com\/index.php\/wp-json\/wp\/v2\/media?parent=37"}],"curies":[{"name":"wp","href":"https:\/\/api.w.org\/{rel}","templated":true}]}}