{"id":34,"date":"2023-01-20T09:05:07","date_gmt":"2023-01-20T08:05:07","guid":{"rendered":"https:\/\/pascalpierree.com\/?page_id=34"},"modified":"2024-11-24T05:20:46","modified_gmt":"2024-11-24T04:20:46","slug":"me-contacter","status":"publish","type":"page","link":"https:\/\/pascalpierree.com\/index.php\/me-contacter\/","title":{"rendered":"Me contacter"},"content":{"rendered":"\n<blockquote class=\"wp-block-quote is-layout-flow wp-block-quote-is-layout-flow\">\n<p class=\"has-text-align-justify\"><strong><a href=\"https:\/\/www.google.com\/maps\/place\/1c+Rue+des+Presles,+94170+Le+Perreux-sur-Marne\/@48.8507416,2.5083964,17z\/data=!3m1!4b1!4m5!3m4!1s0x47e60d87a8a5e741:0x7c1ccfc4ba51101d!8m2!3d48.8507416!4d2.5105851\" data-type=\"URL\" data-id=\"https:\/\/www.google.com\/maps\/place\/1c+Rue+des+Presles,+94170+Le+Perreux-sur-Marne\/@48.8507416,2.5083964,17z\/data=!3m1!4b1!4m5!3m4!1s0x47e60d87a8a5e741:0x7c1ccfc4ba51101d!8m2!3d48.8507416!4d2.5105851\" target=\"_blank\" rel=\"noreferrer noopener\">Le cabinet se situe au 1C rue des Presles &#8211; 94170 Le Perreux sur Marne.<\/a><\/strong><\/p>\n\n\n\n<p><\/p>\n\n\n\n<p class=\"has-text-align-justify\"><br>Vous pouvez me contacter par t\u00e9l\u00e9phone au 06 95 34 44 30 (merci de laisser un message avec vos coordonn\u00e9es).<\/p>\n\n\n\n<p class=\"has-text-align-justify\">Vous pouvez \u00e9galement remplir ce formulaire si vous souhaitez plus d&rsquo;informations ou en cas de demandes particuli\u00e8res.<\/p>\n<\/blockquote>\n\n\n<style id=\"wpforms-css-vars-root\">\n\t\t\t\t:root {\n\t\t\t\t\t--wpforms-field-border-radius: 3px;\n--wpforms-field-border-style: solid;\n--wpforms-field-border-size: 1px;\n--wpforms-field-background-color: #ffffff;\n--wpforms-field-border-color: rgba( 0, 0, 0, 0.25 );\n--wpforms-field-border-color-spare: rgba( 0, 0, 0, 0.25 );\n--wpforms-field-text-color: rgba( 0, 0, 0, 0.7 );\n--wpforms-field-menu-color: #ffffff;\n--wpforms-label-color: rgba( 0, 0, 0, 0.85 );\n--wpforms-label-sublabel-color: rgba( 0, 0, 0, 0.55 );\n--wpforms-label-error-color: #d63637;\n--wpforms-button-border-radius: 3px;\n--wpforms-button-border-style: none;\n--wpforms-button-border-size: 1px;\n--wpforms-button-background-color: #066aab;\n--wpforms-button-border-color: #066aab;\n--wpforms-button-text-color: #ffffff;\n--wpforms-page-break-color: #066aab;\n--wpforms-background-image: none;\n--wpforms-background-position: center center;\n--wpforms-background-repeat: no-repeat;\n--wpforms-background-size: cover;\n--wpforms-background-width: 100px;\n--wpforms-background-height: 100px;\n--wpforms-background-color: rgba( 0, 0, 0, 0 );\n--wpforms-background-url: none;\n--wpforms-container-padding: 0px;\n--wpforms-container-border-style: none;\n--wpforms-container-border-width: 1px;\n--wpforms-container-border-color: #000000;\n--wpforms-container-border-radius: 3px;\n--wpforms-field-size-input-height: 43px;\n--wpforms-field-size-input-spacing: 15px;\n--wpforms-field-size-font-size: 16px;\n--wpforms-field-size-line-height: 19px;\n--wpforms-field-size-padding-h: 14px;\n--wpforms-field-size-checkbox-size: 16px;\n--wpforms-field-size-sublabel-spacing: 5px;\n--wpforms-field-size-icon-size: 1;\n--wpforms-label-size-font-size: 16px;\n--wpforms-label-size-line-height: 19px;\n--wpforms-label-size-sublabel-font-size: 14px;\n--wpforms-label-size-sublabel-line-height: 17px;\n--wpforms-button-size-font-size: 17px;\n--wpforms-button-size-height: 41px;\n--wpforms-button-size-padding-h: 15px;\n--wpforms-button-size-margin-top: 10px;\n--wpforms-container-shadow-size-box-shadow: none;\n\n\t\t\t\t}\n\t\t\t<\/style><style id=\"wpforms-css-vars-1353-block-946df06b-53ee-4184-ae18-2d8d3e85cb23\">\n\t\t\t\t#wpforms-1353.wpforms-block-946df06b-53ee-4184-ae18-2d8d3e85cb23 {\n\t\t\t\t\t--wpforms-button-background-color: #0cc581;\n--wpforms-field-size-input-height: 43px;\n--wpforms-field-size-input-spacing: 15px;\n--wpforms-field-size-font-size: 16px;\n--wpforms-field-size-line-height: 19px;\n--wpforms-field-size-padding-h: 14px;\n--wpforms-field-size-checkbox-size: 16px;\n--wpforms-field-size-sublabel-spacing: 5px;\n--wpforms-field-size-icon-size: 1;\n--wpforms-label-size-font-size: 16px;\n--wpforms-label-size-line-height: 19px;\n--wpforms-label-size-sublabel-font-size: 14px;\n--wpforms-label-size-sublabel-line-height: 17px;\n--wpforms-button-size-font-size: 17px;\n--wpforms-button-size-height: 41px;\n--wpforms-button-size-padding-h: 15px;\n--wpforms-button-size-margin-top: 10px;\n--wpforms-container-shadow-size-box-shadow: none;\n\n\t\t\t\t}\n\t\t\t<\/style><style id=\"wpforms-custom-css-1353-block-946df06b-53ee-4184-ae18-2d8d3e85cb23\">\n\t\t\t\t&lt;!-- wp:jetpack\/button {&quot;element&quot;:&quot;button&quot;,&quot;text&quot;:&quot;Contactez-moi&quot;,&quot;lock&quot;:{&quot;move&quot;:false,&quot;remove&quot;:false},&quot;className&quot;:&quot;is-style-fill&quot;} \/--&gt;\n\t\t\t<\/style><div class=\"wpforms-container wpforms-container-full wpforms-block wpforms-block-946df06b-53ee-4184-ae18-2d8d3e85cb23 wpforms-render-modern\" id=\"wpforms-1353\"><form id=\"wpforms-form-1353\" class=\"wpforms-validate wpforms-form wpforms-ajax-form\" data-formid=\"1353\" method=\"post\" enctype=\"multipart\/form-data\" action=\"\/index.php\/wp-json\/wp\/v2\/pages\/34\" data-token=\"0ed4351b2a6e6904660a6ad7b95d9611\" data-token-time=\"1776427074\"><noscript class=\"wpforms-error-noscript\">Veuillez activer JavaScript dans votre navigateur pour remplir ce formulaire.<\/noscript><div class=\"wpforms-hidden\" id=\"wpforms-error-noscript\">Veuillez activer JavaScript dans votre navigateur pour remplir ce formulaire.<\/div><div class=\"wpforms-field-container\"><div id=\"wpforms-1353-field_1-container\" class=\"wpforms-field wpforms-field-name\" data-field-id=\"1\"><label class=\"wpforms-field-label\" for=\"wpforms-1353-field_1\">Nom (obligatoire) <span class=\"wpforms-required-label\" aria-hidden=\"true\">*<\/span><\/label><input type=\"text\" id=\"wpforms-1353-field_1\" class=\"wpforms-field-medium wpforms-field-required\" name=\"wpforms[fields][1]\" aria-errormessage=\"wpforms-1353-field_1-error\" required><\/div><div id=\"wpforms-1353-field_2-container\" class=\"wpforms-field wpforms-field-email\" data-field-id=\"2\"><label class=\"wpforms-field-label\" for=\"wpforms-1353-field_2\">E-mail (obligatoire) <span class=\"wpforms-required-label\" aria-hidden=\"true\">*<\/span><\/label><input type=\"email\" id=\"wpforms-1353-field_2\" class=\"wpforms-field-medium wpforms-field-required\" name=\"wpforms[fields][2]\" spellcheck=\"false\" aria-errormessage=\"wpforms-1353-field_2-error\" required><\/div><div id=\"wpforms-1353-field_3-container\" class=\"wpforms-field wpforms-field-textarea\" data-field-id=\"3\"><label class=\"wpforms-field-label\" for=\"wpforms-1353-field_3\">Message<\/label><textarea id=\"wpforms-1353-field_3\" class=\"wpforms-field-medium\" name=\"wpforms[fields][3]\" aria-errormessage=\"wpforms-1353-field_3-error\" ><\/textarea><\/div><\/div><!-- .wpforms-field-container --><div class=\"wpforms-recaptcha-container wpforms-is-recaptcha wpforms-is-recaptcha-type-v2\" ><div class=\"g-recaptcha\" data-sitekey=\"6Ld1UogqAAAAAEv-Ngsm_-s20-S_XpXWTDm1NrSc\"><\/div><input type=\"text\" name=\"g-recaptcha-hidden\" class=\"wpforms-recaptcha-hidden\" style=\"position:absolute!important;clip:rect(0,0,0,0)!important;height:1px!important;width:1px!important;border:0!important;overflow:hidden!important;padding:0!important;margin:0!important;\" data-rule-recaptcha=\"1\"><\/div><div class=\"wpforms-submit-container\" ><input type=\"hidden\" name=\"wpforms[id]\" value=\"1353\"><input type=\"hidden\" name=\"page_title\" value=\"\"><input type=\"hidden\" name=\"page_url\" value=\"https:\/\/pascalpierree.com\/index.php\/wp-json\/wp\/v2\/pages\/34\"><button type=\"submit\" name=\"wpforms[submit]\" id=\"wpforms-submit-1353\" class=\"wpforms-submit\" data-alt-text=\"Envoi...\" data-submit-text=\"Contactez-moi\" aria-live=\"assertive\" value=\"wpforms-submit\">Contactez-moi<\/button><img loading=\"lazy\" decoding=\"async\" src=\"https:\/\/pascalpierree.com\/wp-content\/plugins\/wpforms\/assets\/images\/submit-spin.svg\" class=\"wpforms-submit-spinner\" style=\"display: none;\" width=\"26\" height=\"26\" alt=\"Chargement en cours\"><\/div><\/form><\/div>  <!-- .wpforms-container -->","protected":false},"excerpt":{"rendered":"<p>Le cabinet se situe au 1C rue des Presles &#8211; 94170 Le Perreux sur Marne. Vous pouvez me contacter par t\u00e9l\u00e9phone au 06 95 34 44 30 (merci de laisser un message avec vos coordonn\u00e9es). Vous pouvez \u00e9galement remplir ce formulaire si vous souhaitez plus d&rsquo;informations ou en cas de demandes particuli\u00e8res.<\/p>\n","protected":false},"author":1,"featured_media":0,"parent":0,"menu_order":0,"comment_status":"closed","ping_status":"closed","template":"","meta":{"footnotes":""},"class_list":["post-34","page","type-page","status-publish","hentry"],"jetpack_likes_enabled":true,"_links":{"self":[{"href":"https:\/\/pascalpierree.com\/index.php\/wp-json\/wp\/v2\/pages\/34","targetHints":{"allow":["GET"]}}],"collection":[{"href":"https:\/\/pascalpierree.com\/index.php\/wp-json\/wp\/v2\/pages"}],"about":[{"href":"https:\/\/pascalpierree.com\/index.php\/wp-json\/wp\/v2\/types\/page"}],"author":[{"embeddable":true,"href":"https:\/\/pascalpierree.com\/index.php\/wp-json\/wp\/v2\/users\/1"}],"replies":[{"embeddable":true,"href":"https:\/\/pascalpierree.com\/index.php\/wp-json\/wp\/v2\/comments?post=34"}],"version-history":[{"count":7,"href":"https:\/\/pascalpierree.com\/index.php\/wp-json\/wp\/v2\/pages\/34\/revisions"}],"predecessor-version":[{"id":1357,"href":"https:\/\/pascalpierree.com\/index.php\/wp-json\/wp\/v2\/pages\/34\/revisions\/1357"}],"wp:attachment":[{"href":"https:\/\/pascalpierree.com\/index.php\/wp-json\/wp\/v2\/media?parent=34"}],"curies":[{"name":"wp","href":"https:\/\/api.w.org\/{rel}","templated":true}]}}